/(-6) a composite number?
False
Suppose 50*f - 1352211 = 29*f. Is f prime?
False
Let g(a) = 2*a**3 + 5*a**2 + 4*a - 2. Let m be g(-2). Let k be 223/2 - (-3)/m. Let s = 222 - k. Is s composite?
True
Is 200 + 4 + -4 + -1 composite?
False
Let r = 1557 - 578. Is r prime?
False
Let q = 4922 + -1129. Is q a composite number?
False
Let c(u) = -6*u + 8 + u - 7*u + 6*u. Let p be c(-8). Is 15 + p - (0 + 0) composite?
False
Let t(u) be the first derivative of 210*u**2 - 5*u - 10. Is t(3) a prime number?
False
Let g(k) = k**2 - 11*k + 17. Let o be g(8). Let n be (-27)/9 + (0 - o). Is (-1)/((n - 0)/(-388)) a composite number?
False
Suppose -2341 = -5*c + 4254. Is c a prime number?
True
Let y(o) = -o**3 - 10*o**2 + o + 9. Let q be y(-8). Is (0 - -3)*q/(-3) a composite number?
False
Let t(p) = 4*p**2 - 32*p + 93. Is t(-41) a prime number?
False
Let y(w) = 81*w**3 - 8*w**2 - 4*w + 109. Is y(10) a composite number?
True
Let w(p) = 7*p**2 + 39*p + 25. Is w(-21) composite?
False
Let j(v) = -28*v + 10. Let d(c) = -61*c + 22. Let z(r) = 4*d(r) - 9*j(r). Suppose a - 1 = -p, 2*p = 5*a - 2*a - 23. Is z(a) prime?
False
Suppose 464 + 443 = i. Suppose 2785 = -3*u + 3*k + k, -4*k - i = u. Let t = u + 1510. Is t prime?
True
Let b(m) = -1 + 6*m + 9*m**3 - 10*m**3 - 4*m**2 + m. Let o be b(-7). Suppose -4*d + 3*f = -568, -o = 2*d - 5*f - 367. Is d a prime number?
False
Suppose b - 162 = 19*b. Suppose 5*c - 3*i = -5, -5 = 3*c - 8*c + 5*i. Is b*c/12 - -4 prime?
True
Let a = 1831 + -1233. Let t = -24 + 24. Suppose -4*v = -3*w + 895, -2*w + v + 2*v + a = t. Is w prime?
True
Let q = 14411 - 9340. Is q prime?
False
Suppose s - 4*k + 7318 = 3*s, -4*s = k - 14615. Is s a composite number?
True
Let m(t) = t**2 + 4*t + 3. Let k be m(-3). Suppose -2*y + 633 = -k*y + d, 0 = -3*y - d + 947. Suppose -2*w - 2*g + y = 2*w, 2 = -2*g. Is w prime?
True
Let o(a) = -a**2 + 9*a + 3. Let q be o(9). Suppose 2*j = -q*j + 25. Suppose 0 = 2*x + j*y - 20 - 183, -5*x = -3*y - 430. Is x prime?
True
Let h = 12 - 12. Suppose -15 = -5*j, -4*x + 3*j = -h*x + 73. Let b = 53 + x. Is b a composite number?
False
Let h be 4/(-30) + 77/15 + 3. Let a(z) = 8*z**2 - 15*z - 1. Is a(h) a composite number?
True
Suppose 2*d - 10 = -3*d. Suppose 0 = d*z + z - 12. Suppose z*u = 5*u - 305. Is u a prime number?
False
Let s(w) = 15 - 4 - 2 + 263*w**3 - 7 - 2*w**2. Is s(1) a composite number?
False
Let v(y) = -6*y - 3*y + y**3 - 5 + 8*y**2 + 4*y. Is v(-6) a composite number?
False
Suppose -5*w = c - 6802, -4*c = -29*w + 30*w - 1349. Is w a prime number?
True
Suppose 5*w - 13 = 12. Suppose w*t - 397 = 163. Let s = t + -69. Is s a prime number?
True
Let v = -9688 + 14235. Is v a prime number?
True
Let k = -5257 + 9510. Is k prime?
True
Suppose -5*v = -2*r + 9586, -2*r + 5741 + 3821 = v. Is r composite?
False
Let n(z) = 2*z**2 + 8*z - 11. Let b(c) = -6*c**2 - 24*c + 33. Let k(f) = -4*b(f) - 11*n(f). Let p be (8/2)/(5 - (-54)/(-12)). Is k(p) a prime number?
True
Suppose 1489 = 5*n - 256. Let p = n + 58. Suppose 4*b = 2*f + 2*b - 774, f - p = 5*b. Is f a composite number?
True
Suppose 4*k + 3*h - h - 9818 = 0, h - 3 = 0. Is k a composite number?
True
Suppose 16*p + 203052 = 28*p. Is p a composite number?
False
Suppose 328 = -4*l + o - 282, 3*l + o + 454 = 0. Let c = l - -217. Is c composite?
True
Let h = -2659 - -7410. Is h a prime number?
True
Let b(f) = f**3 - 10*f**2 + 12*f + 11. Let j be b(9). Suppose -5*q + 8 = -42. Suppose 0 = -2*u + q, -2*t - u + j = -369. Is t a prime number?
False
Let u(y) = -y + 8. Let n = 17 - 8. Suppose -n*v + 4*v - 70 = 0. Is u(v) prime?
False
Let p be ((-12)/9)/(10/(-75)). Let f be -6 + 2 + p + -2. Suppose 0 = a - f*o - 463, 592 = 3*a - 2*o - 757. Is a prime?
False
Suppose -2*x - 24 = 28. Let o = 29 + x. Suppose -25 = 5*l, -2*l - 2*l - 1259 = -o*j. Is j prime?
False
Let s = -1322 + 1767. Is s composite?
True
Suppose -110 = 3*z - 8*z. Let d = 207 - z. Is d a composite number?
True
Suppose 0 = 2*m - 11 - 3. Suppose 3*p + 8 = m*p. Suppose -7*c = -p*c - 35. Is c prime?
True
Suppose 2*j = -o + 5883, 4*j + 29490 = 5*o - j. Is o composite?
True
Suppose -54*z + 42*z + 202164 = 0. Is z composite?
True
Let d(m) be the second derivative of -m**5/20 - m**4/4 + 5*m**3/6 + 17*m**2/2 - 23*m. Is d(-10) a prime number?
False
Suppose -2*n - 880 = -2482. Let r = n + -487. Let q = r - 196. Is q prime?
False
Is ((-6496)/(-48))/((-2)/(-3)) a composite number?
True
Suppose -11*s = -7*s - 7724. Is s a prime number?
True
Suppose -39*v - 7*v = -2317526. Is v prime?
False
Let z(y) = 81*y**2 - 29*y - 41. Is z(-11) a prime number?
True
Suppose 44 + 16 = -3*g. Is 227 - 7/((-35)/g) a prime number?
True
Let n(f) = f**3 + 6*f**2 - 3. Let r be n(-6). Let z be r*2/9*-6. Suppose 2*v - 79 = -5*j, 0*j + 53 = 3*j + z*v. Is j composite?
True
Let v = -10728 - -24095. Is v a composite number?
False
Let a = -196 + 447. Is a composite?
False
Let y(x) = -14093*x + 94. Is y(-1) a composite number?
True
Suppose -959 = -2*c - 5*c. Let f = c - 72. Is f a prime number?
False
Is ((-497146)/286)/((-1)/11) a composite number?
False
Suppose 4*i - 6 = 2. Let r be (3/(-6)*-10)/1. Suppose 2*j = r*j + 15, i*g = -5*j + 81. Is g composite?
False
Let z(v) = -11*v. Let s(r) = 11*r. Let w(f) = -5*s(f) - 6*z(f). Let o(a) = a**2 - 2*a - 3. Let b be o(4). Is w(b) a prime number?
False
Suppose -5*a = -3*n - 3, 4*n - 32 = -n - 4*a. Suppose n*i = 8*i. Suppose 116 = o - 5*s, i*o = -o - s + 86. Is o prime?
False
Let d be (95 + -2)*(7 + -5). Let j = d + -133. Is j composite?
False
Let i be (2 + -3)*(3 + -3). Suppose -3*u + 2*u + 2*b = -453, -4*u + b + 1833 = i. Suppose -7*h - 3*s = -4*h - u, 3*s + 640 = 4*h. Is h a composite number?
False
Let m = 3229 - -2674. Is m a prime number?
True
Suppose -3*o - 6 = 12. Suppose -4*j - 42 = -10. Is j/(-24) + (-3892)/o prime?
False
Suppose -5*k + 10129 = -4546. Is k composite?
True
Let c = -6189 + 13828. Is c a composite number?
False
Suppose 4*f + 2*r = 10, 2*r = 3*f + 5*r. Suppose 15 = 4*g - f. Suppose -4*j + 0*h + g*h + 2343 = 0, 2*h - 2 = 0. Is j a composite number?
False
Suppose 0*u = 3*u - 9. Let j be (2 - -1) + (u - 4). Suppose -2*f - 1152 + 271 = -5*d, 2*d + j*f - 358 = 0. Is d composite?
True
Let i(m) = 25*m**3 - 4*m**2 - m + 23. Is i(6) a composite number?
False
Let f be (-86)/(-11) - 2/(-11). Let l = 10 - f. Is ((-10)/(-30))/(l/858) composite?
True
Let t be 6/15 + (-572)/(-20). Let b = t - 29. Suppose 2*y + b*y - 694 = 0. Is y prime?
True
Is (200/(-24) + 9)/(2/41523) a composite number?
False
Let i(v) = -v**3 - v**2 + 3*v + 4. Let s be i(-2). Suppose -10*p - s*p = -21612. Is p a composite number?
False
Suppose -g + 14 = 5*x, -2*g + 38 = 8*x - 3*x. Let n be (-1)/(-2) + 132/g. Is 9 - ((3 - n) + -1) prime?
True
Suppose -178 - 314 = -4*l. Let k = l + -46. Is k composite?
True
Is (10/(-50))/(2/(-6730)) composite?
False
Is (4 - 75967/(-2)) + 6/(-12) composite?
False
Let v(p) = -40346*p. Let u be v(-1). Let k = u + -28033. Is k a prime number?
False
Let a be 56/12*18/7. Suppose 4 + a = 4*u. Suppose 5*k - u*i - 73 = 129, -193 = -5*k + i. Is k composite?
True
Let u(r) = -277*r + 22. Is u(-3) composite?
False
Suppose -9 = 5*p - 19, 0 = -5*w - 5*p + 24345. Is w prime?
False
Let r be 13/(-39) + 946/(-6). Let v = 377 - r. Is v a prime number?
False
Let q(k) = -k**3 - 2*k**2 + 10*k + 2. Let j be q(-4). Is 8793/3 + (-2 - j) a prime number?
False
Let w = 1706 - 1123. Is w a composite number?
True
Let i = -4 - -11. Suppose -d + i + 9 = 4*p, -3*p = -d - 5. Suppose -4*m + 60 = -3*b - 64, 0 = -d*m + 4*b + 124. Is m composite?
False
Let k(p) be the third derivative of 17*p**6/120 + p**5/15 - p**4/12 - 5*p**3/6 - 8*p**2. Is k(4) a composite number?
True
Is 12 - (-11 + 8 - 5662) a prime number?
False
Suppose 0 = -0*n + 3*n + 12. Let r be (-3 - n)*-3 - -8. Suppose -3*s + r*s - 134 = 0. Is s a prime number?
True
Let k = -608 + 1407. Is k prime?
False
Let f(a) = 7*a**2 - 11*a + 9 + 2*a**3 + 4*a**3 - 5*a**3 + 3*a. Let k(q) = q**3 + 17*q**2 + 15*q - 23. Let c be k(-16). Is f(c) prime?
False
Let k = -10 + 10. Let a be -31 + 2/1 - k. Let y = a - -63. Is y a composite number?
True
Let i(y) = 23*y**2 + 8*y - 22. Let k = 45 - 54. Is i(k) prime?
False
Suppose -12*n - 6 = -9*n. Let g(o) = 243*o**2 + 2*o + 3. Is g(n) composite?
False
Is 1/(-4 + (9332/(-58